he prime factors of (649/(-33) - -14)*-2691?
3, 13, 17, 23
Let f = -388 - -285. Let a be ((-50)/3)/((-5)/(225/6)). Let o = a + f. What are the prime factors of o?
2, 11
Let o(j) = 292*j + 89. Let b be o(-5). Let t = b + 1995. What are the prime factors of t?
2, 3, 13
Let o be 2*34/8 - (-11)/22. Let j(r) = -2*r**3 + 18*r**2 + r - 5. Let s be j(o). Suppose 2*n - 31 = s*m - m, 0 = 4*n + 3*m - 53. List the prime factors of n.
2, 7
Suppose 70 = -3*n + 22. Let g = -136 - -137. What are the prime factors of (2*(-38)/n)/(g/52)?
13, 19
Let m = -31 + 32. What are the prime factors of (m*15/(-25))/((-1)/685)?
3, 137
What are the prime factors of (-17791410)/(-1976) + 10/8?
5, 1801
What are the prime factors of (-83010)/8*688/(-258)*2/4?
5, 2767
Suppose 26*z - 254101 = -15*z + 148437. What are the prime factors of z?
2, 4909
Suppose 2*m - 8 + 4 = 0. Suppose 3*h - 501 = -2*l + 303, 3*h = m*l - 816. Suppose 2*a + 3*f = -2*a + l, -15 = 3*f. List the prime factors of a.
3, 5, 7
Let k = 1526 + -381. What are the prime factors of k?
5, 229
Suppose 7*l - 2*l + 715 = 0. Let o = l - -10. Let a = 243 + o. List the prime factors of a.
2, 5, 11
Let f = -158 - -152. List the prime factors of 2*((-1101)/f + -1).
5, 73
Let v be 36/14 + 6/14. Suppose -s + 4*a + 22 = a, -46 = -v*s + 5*a. Suppose 0*j - s*j + 924 = 0. What are the prime factors of j?
2, 3, 11
Suppose 93*n + 133433 = 110*n. List the prime factors of n.
47, 167
Suppose 12503260 = 88*t - 15*t + 157*t. List the prime factors of t.
2, 7, 11, 353
Let b = 1384 + -583. Let k = 1418 - b. What are the prime factors of k?
617
Let l be (16/(-12))/((-4)/6). Suppose -1 - 3 = -5*o + 4*z, 4*z - 24 = -l*o. Suppose a = 2, 7*u - 5*a = o*u + 524. What are the prime factors of u?
2, 89
Suppose -2*b - 7 = -5. Let u(j) = -17*j**3 - j**2 + j + 1. Let z be u(b). What are the prime factors of (-28)/z*24/(-6)?
7
Let g be 3776/(-448) - 6/(-14). Let l(b) = 4*b**2 + 11*b + 24. List the prime factors of l(g).
2, 3
Let x(o) = 13*o**2 - 7. Let y be (-3)/5*10/(-2). Let a be x(y). Suppose -a = -h + 48. List the prime factors of h.
2, 79
Let t be ((-5)/(30/12))/(2/293). Let p = t + 672. List the prime factors of p.
379
Let b(p) = -p - 24. Let n be b(-20). Let l(x) = 24*x + 12. Let a(v) = -23*v - 13. Let h(i) = n*a(i) - 3*l(i). What are the prime factors of h(5)?
2, 29
Let u(y) = -y + 54. Let v(n) = n**2 + 4*n - 9. Let a be v(-7). List the prime factors of u(a).
2, 3, 7
Suppose -8*p + 3*p = 40. Let x be (-442)/4 + 4/p. Let i = x + 196. List the prime factors of i.
5, 17
Let z be (-2 + 2 + 1)*2/1. List the prime factors of (6 - z) + 7293/11.
23, 29
What are the prime factors of (-127)/889 - (-1060440)/21?
50497
Let b(v) = -1314*v - 6509. List the prime factors of b(-59).
47, 1511
Let u = 83 - 75. Suppose -u*q = 2*n - 7*q - 707, 717 = 2*n + 3*q. What are the prime factors of n?
3, 13
Let n = 11794 - -14937. List the prime factors of n.
26731
Let c(r) = -3*r - 54. Let y be c(-18). Suppose y = -6*i + 3*i. Suppose i = 13*p - 17*p + 676. What are the prime factors of p?
13
Let d(b) be the second derivative of 7*b**5/20 + b**4/6 + b**3/3 + b**2/2 + 9*b. Let j be d(-1). What are the prime factors of (684/j)/(3/(-2))?
2, 19
Suppose -4*n - 769*o = -766*o - 321944, n = 2*o + 80508. What are the prime factors of n?
2, 20123
Let y(v) = v**3 - 8*v**2 - 9*v + 10. Let t be (2 + -2)*(-3)/6 - -9. Let d be y(t). What are the prime factors of 111/(-6)*(4 - d)?
3, 37
Suppose -2*g = r - 16722, 5*r = 11*g - 9*g - 16734. List the prime factors of g.
2, 37, 113
List the prime factors of -2*(-12 + (-107285)/10).
21481
Suppose -4*l + 32 = 4*j, -l + 5*l - 12 = 0. Suppose -2*b - j*q = -77, 4*b + q = 2*q + 165. Let m = -6 + b. List the prime factors of m.
5, 7
Suppose -p = -2*f - 5 + 1, -5*p + 20 = 3*f. Let d be (p/(-1) - -24)/2. Suppose 0 = -3*n + d*n - 161. List the prime factors of n.
23
Let x = -63171 - -121099. What are the prime factors of x?
2, 13, 557
Let f = 21276 + -12337. List the prime factors of f.
7, 1277
Suppose w + 27 - 13 = 3*i, -4*i = w - 21. Suppose -12*y + 5691 = -i*y. What are the prime factors of y?
3, 271
Let y(f) = 10*f - 36. Let u be y(8). What are the prime factors of u/(-8) + 3 + 11511/18?
7, 13
Suppose 15*u + 8 = 14*u - 4*t, -4 = u + 3*t. Suppose 4959 + 1297 = u*h. List the prime factors of h.
2, 17, 23
Suppose 5*d + 1460 = m - 601, 2*d - 4 = 0. What are the prime factors of m?
19, 109
Let k(f) = -f**3 + 3*f - 4. Let d be k(4). What are the prime factors of 130/(-4 - (0 - d/(-12)))?
3, 5, 13
Let v be (-2 - -7*51)/(3/15). What are the prime factors of v/4 - 24/(-96)?
2, 3, 37
List the prime factors of (-153)/(-102)*-14614*(-28)/12.
7, 7307
Let k = 100182 - 26683. What are the prime factors of k?
67, 1097
Let w be (3792/60)/(2/(-5)). Let k = w + 166. List the prime factors of k.
2
Suppose -10*w - 3*w + 18746 = 0. Suppose 4*f = -5*x + 1930, f + 2*f + x - w = 0. List the prime factors of f.
2, 3, 5
Let p be (-2240)/(-24)*(-54)/(-45). Suppose 94*q + 24894 = p*q. What are the prime factors of q?
3, 461
Let a be (2 - -6) + 36 + 855. What are the prime factors of a + (-2 - -1)/((-30)/(-30))?
2, 449
Let x = 19943 - 9682. List the prime factors of x.
31, 331
Suppose -2*p = 3*p - 655. Let t be ((-150)/(-24))/(-1) - (-6)/(-8) - -7. Suppose t = -p*u + 132*u - 57. What are the prime factors of u?
3, 19
Suppose -36*y - 10760 = -28*y. Let i = y + 2385. List the prime factors of i.
2, 5, 13
Let a be (-2)/(-12) + (1 - 16375/(-30)). Let o = -475 + a. List the prime factors of o.
2, 3
Suppose -12 = -4*u - g - 1, 2*g - 13 = -5*u. Suppose u*n + 246 = 921. List the prime factors of n.
3, 5
Let j be (32/10)/(6/(-30)). Let c(m) = -92*m - 18. Let u be c(j). List the prime factors of (-1)/(-7) + u/14.
2, 13
Let p(y) = y**3 + 14*y**2 + 12*y + 11. Let l be p(-13). List the prime factors of (6/8)/(l/10560).
2, 3, 5, 11
Let v(n) = -2*n**3 + 15*n**2 - 7*n + 4. Let t be v(6). Let i = 91 - t. Suppose 0 = -20*q + i*q - 82. List the prime factors of q.
2, 41
Let j(o) = 10*o**2 + 9*o + 40. Let g be j(-15). Suppose -g = -4*n + 3*v, -2*n - 3*v = -4*n + 1085. List the prime factors of n.
5, 107
Let z = -5870 + 15853. What are the prime factors of z?
67, 149
Let d(k) = 59 + k**3 - 4803*k**2 - 4*k**3 + 4804*k**2 + 3*k**3 + k**3. Suppose 0*j + 3*j = 0. List the prime factors of d(j).
59
Let i(a) = -5*a**2 - 20*a + 21. Let d(u) = -14*u**2 - 61*u + 64. Let h(f) = 4*d(f) - 11*i(f). Suppose 145*o - 299 = 158*o. List the prime factors of h(o).
2, 3
Let h(l) = -l**2 + l - 2 + 89*l**3 + 6*l**2 - 7*l**2 + 6*l. List the prime factors of h(2).
2, 179
Suppose 0 = 3*s + 3*m - 99, 5*m + 115 = 4*s + s. Let p be ((-616)/21)/((-1)/3). Suppose -2*y + p = -s. List the prime factors of y.
2, 29
Suppose 14*g = 63*g - 379064. What are the prime factors of g?
2, 967
List the prime factors of 4/(-18) - 8861918/(-954).
7, 1327
Suppose 5*q - 4*b + 1061 - 304 = 0, 2*q - 5*b + 296 = 0. Let s = q - -1961. What are the prime factors of s?
2, 113
Let h = -18 + 32. List the prime factors of (70/(-15))/h - 13926/(-9).
7, 13, 17
Suppose -2740*g + 12142 = -2738*g. List the prime factors of g.
13, 467
Suppose 13 = -v - 0*v - 3*r, -12 = 4*v + 4*r. Let h be 1/(v/(-142)*-1) - 1. What are the prime factors of (-178)/(-6) - (h/21)/5?
29
Suppose -105318 = -68*x + 59*x. List the prime factors of x.
2, 5851
Let j = 297 + 11859. What are the prime factors of j?
2, 3, 1013
Let s be 4/(-3)*8/(112/21). What are the prime factors of (-34 - -114)*s/(-1)?
2, 5
Let i be 1647 + -2 + -6 + 4. Suppose b - 824 = -q, 0 = 7*q - 5*q + b - i. What are the prime factors of q?
3, 7, 13
Suppose 0 = -14*r + 21*r + 35*r - 267834. List the prime factors of r.
7, 911
Let h be (-1)/(-8 - 273/(-35)). Let g(n) be the third derivative of n**5/12 - n**4/4 + n**3 + n**2. List the prime factors of g(h).
101
Let u = -684 - -5428. What are the prime factors of u?
2, 593
Suppose 40 = -0*x + 4*x. Let p be ((-15)/(-5) + 3)/(2/x). List the prime factors of 760/p - (-8)/(-6).
2, 3
Let g = -12898 + 28169. List the prime factors of g.
15271
Let y(c) be the second derivative of -41*c**3/2 + 18*c**2 + c + 13. List the prime factors of y(-3).
3, 5
Let f(m) = -5*m**2 + 3*m - 5. Let z(x) = x**2. Let w(d) = -f(d) - 4*z(d). Let u(p) = -p**2 - 2*p + 3. Let l be u(-4). Lis